- -16) + -6 - 8.
-3
Evaluate (24 - 8) + (39 - 45).
10
What is -9 + -12 + 4 + 2 - (-12 + 4)?
-7
Calculate 37 + -28 + -16 - -26.
19
Evaluate 1 - -4 - (-7 + 15 + -4).
1
Calculate 7 - -45 - 19 - 62.
-29
Calculate -35 - (-8 + -1 + -14).
-12
Evaluate -162 + 147 + (-1 - -5).
-11
Calculate (-1 - (1 - 31)) + (-64 - (-4 + -52)).
21
Calculate -9 - -34 - (0 + 8 + -2).
19
Calculate (-1 - -3) + -1 + (157 - 153).
5
What is the value of -9 - (7 + -3 + -10) - -1?
-2
What is the value of (-27 - -2) + (30 - 39 - (1 + 2))?
-37
10 - 0 - (45 - 49)
14
Calculate 26 + (-5 - (31 + -33)).
23
What is (510 - 462) + -20 + 0?
28
Evaluate 2 - (-4 + (9 - (-3 - -11))).
5
What is the value of 14 + (-26 - 11) + 8?
-15
-19 + 2 - (49 + -53)
-13
Calculate (3 - (1 + -1) - (-162 - -168)) + 19.
16
Evaluate -16 + 3 + (-3 - (2 - 11 - -8)).
-15
What is -7 + -3 + 2 + -4 + 0?
-12
What is (8 - 8 - 15) + -10 + 4?
-21
Evaluate 40 - (1 - -6) - 37.
-4
What is -2 + (-1 - 2) + 12 + -8?
-1
Calculate 0 - 11 - (33 + -20 + (-11 - 1)).
-12
(319 - 346) + (7 - -2)
-18
Calculate -10 - (-13 - 7 - -10).
0
What is 0 - (-19 + 4 + 13 - 11)?
13
Calculate -61 + 55 + (0 - -2) + 1 - -12.
9
What is the value of 7 + -1 - 19 - -22?
9
(-72 + 67 - (-1 - 11)) + (-8 - 0)
-1
What is 23 - -5 - (2 + 14)?
12
Evaluate (11 - 18) + 6 - 10.
-11
What is the value of (-76 - -94) + (2 - -1)?
21
(-7 - 1) + -6 + 5 + 7 + -9
-11
Evaluate 0 + (-3 - (-2 - -20)) + -134 + 138.
-17
(137 - 141) + 0 + (3 - 12)
-13
Evaluate 16 - (-3 + (-1 + 4 - -7)).
9
Evaluate 38 - 26 - (7 - -1) - -10.
14
Calculate -20 + (-23 - -37) - (-2 + 9 - 0).
-13
Calculate (8 - (-1 - (-8 - 1))) + -17 + -1.
-18
What is the value of -11 - 7 - (22 + -69)?
29
What is (0 + -1 - 5) + 3 - 7?
-10
What is -9 + (-11 - (1 - 9) - -31 - 7)?
12
What is -6 + 1 - (2 - (-7 - -11))?
-3
-17 - (-18 + -1 + 13 + -44)
33
Calculate 2 - (16 + -2 - (6 - (15 - 10))).
-11
What is (20 - (2 + 29)) + 7?
-4
Calculate 2 + (1 - 12) + (-125 - -133).
-1
Evaluate 1 + (-4 - 5 - (11 - (-7 + 16))).
-10
Calculate -3 - 14 - (-3 - -2) - (137 - 137).
-16
What is the value of -18 + -4 + 13 + 1 - (-5 - 5)?
2
Evaluate (-1 - (22 + -29)) + -11.
-5
Evaluate (45 - -1 - 20) + 4.
30
What is the value of 8 + 8 + -3 + (104 - 110)?
7
What is (-11 - (4 + -3)) + 28 - -12?
28
What is the value of -5 - (21 + -20 - (7 + (-1 - 1)))?
-1
Evaluate 42 + -49 - (2 + -21).
12
What is 6 - (-24 - (29 - 38))?
21
What is 7 + -1 - 3 - (0 + 30 + -15)?
-12
What is 12 + (-6 - -2) + (12 - 19)?
1
Evaluate -6 + (14 + -17 - 21).
-30
What is (-18 - (8 + -6)) + (-15 - -18)?
-17
What is the value of 1 + -2 + 1 + -3 + -16 + 11?
-8
-6 - (4 - 5 - 5) - -14 - 2
12
Evaluate (9 - (-8 - -15)) + -9 - (7 + 2).
-16
Evaluate 14 - (10 + 13 + -9).
0
-1 - (-4 + 0 - (12 - 10 - 8))
-3
Calculate (1 + -6 - 1) + 8 - (13 + -1).
-10
Evaluate -26 - -9 - -13 - -19.
15
Calculate 2 + 7 + -7 - 19.
-17
Calculate -1 - (1 - (2 + 5)).
5
What is the value of (-2 - 2) + (14 + -6 + 11 - -2)?
17
-35 + (20 - (-10 + (-14 - -36)))
-27
What is 6 + (0 - 3) + 1 + 5 + -3?
6
What is the value of 4 - (17 - (-4 - -14) - -5)?
-8
Calculate (3 - (8 + -6)) + (-8 - (-6 + 4)).
-5
-12 + (-27 - (8 + -20))
-27
Evaluate -10 + 6 + -3 + (2 - -5).
0
What is the value of (20 - (48 + -24)) + (-1 - (1 - -16))?
-22
What is 1 - ((5 - -1) + (18 - 19))?
-4
What is the value of -13 + 15 + 44 + -45?
1
What is -23 + 6 + 17 - 16?
-16
Calculate 6 + -7 + 26 - 18.
7
Calculate 9 + (-18 - (4 + (-12 - 4))).
3
What is the value of 4 + -9 + 14 + 4?
13
What is the value of (57 - 69) + (0 - -2 - 0) + 7?
-3
7 + (16 - (11 - 0 - 1))
13
7 - (9 + 12) - -15
1
Evaluate -4 + (-10 + 15 - 11 - (6 - 2)).
-14
Evaluate -15 - (-29 + 32 - -3).
-21
What is the value of -3 + -5 + 10 + -2 - 22?
-22
What is -16 + 9 + 19 - 27 - -56?
41
-7 - (-4 + 2) - -18
13
Evaluate 23 + 15 + -28 - 5.
5
-7 + (0 - -1 - -10) - 22 - -6
-12
(-10 - (-29 + 10)) + -6
3
Calculate 0 - 6 - -1 - (-77 - -82).
-10
Calculate (8 + -37 - -27) + 15.
13
Calculate 11 - (25 - 51 - -62).
-25
What is -8 - (-4 - (-2 - (-9 - -4)) - -7)?
-8
Evaluate 2 - -6 - (90 - 82).
0
Calculate (18 - 11) + -1 + (-4 - -12) + 1.
15
What is (1 + -10 - 2) + 18?
7
(-12 - -3) + 14 + 3 - -1
9
What is 24 + -12 + -34 + 24?
2
Evaluate -16 - (-2 - 14 - (31 - 50)).
-19
6 - 19 - (-8 - 18)
13
What is the value of (11 - 22 - -8) + 19 + 7?
23
2 + (2 - 4) - ((13 - 18) + -1)
6
Calculate 11 + (-14 + 21 - 25).
-7
-6 + (3 - -10 - -1)
8
Evaluate 186 + -194 + -1 + -2.
-11
Calculate 11 + (-10 - 12) - -9.
-2
-5 + 7 + -3 + (30 - (6 + 3))
20
7 - 6 - (74 - 68)
-5
What is the value of -157 + 146 - (2 + 1 + 0)?
-14
33 + -5 - (-3 - (-11 - 0))
20
What is -1 + 24 - (-2306 + 2323)?
6
What is (8 + 8 - -8) + -14 + -19?
-9
What is 52 - (9 + 31) - 31?
-19
Calculate 29 + (-16 - 8) + 6.
11
Evaluate 4 + 0 - (150 - 160) - 4.
10
9 - (-1 + 3) - (-111 - -119)
-1
Evaluate 9 + -21 + 23 + (-9 - -2) + -5.
-1
What is (25 - 26) + -4 + -6?
-11
Calculate 0 - ((10 + -7 - (13 - 5)) + 13).
-8
Evaluate -25 - (9 - 16) - -26.
8
6 - (1 - -1 - (-3 + -5 - -10))
6
Evaluate ((1 - 2) + 0 - -5) + (-2584 - -2586).
6
What is the value of -3 + -4 + (31 - (8 - 0))?
16
Calculate 0 + (-3 + -1 - -3) + -8 + 20.
11
What is the value of 309 - 299 - (-1 - -6)?
5
26 + -34 - (-6 - 5 - -8)
-5
What is 32 - 42 - (-7 - (-1 - -2))?
-2
What is the value of 1 - (44 + -73 + -1 + 2 + 1)?
28
-9 - (-8 - (-6 - 5 - -5) - 0)
-7
What is the value of 19 - 5 - (13 + (-16 + 7 - -5))?
5
What is -5 + (-54 - -28) + 51?
20
Calculate 1 - 0 - (-1047 + 1058).
-10
What is (27 - (3 - -1)) + -9?
14
Evaluate -32 - ((-6 - 0) + -8) - -14.
-4
What is (-26 - -17 - -3 - 39) + 15?
-30
-8 + 2 + (16 - (-11 + 20)) + 9
10
Calculate -282 + 230 - (-25 - 2).
-25
Calculate 20 - ((0 - -38) + -7).
-11
-1 + 17 - (141 - 143 - (0 - 6))
12
What is (5 + 6 - 1) + -13 + (3 - 10)?
-10
What is 0 - (1 + 7) - 0?
-8
What is the value of -6 + -1 + (14 - 2 - (93 - 88))?
0
Calculate (1240 - 1244) + (-3 - (22 + 3)).
-32
Evaluate 18 + -10 + -4 + -23 + 9 + -10.
-20
What is the value of 0 - 1 - (11 - 2)?
-10
0 + 16 + -17 + -1
-2
What is the value of 21 + -15 - (6 - 2) - (-7 + -4)?
13
Calculate -9 + 0 + (2 - 4) + -6.
-17
Evaluate -6 + 6 + -28 - -29.
1
What is 1279 - 1292 - (-1 + -19)?
7
What is the value of -16 + 16 + 8 + -27?
-19
Calculate (-7 - -6) + (-6 + 9 - -6 - 2).
6
What is the value of -17 + -2 + -6 + -11 + -1?
-37
Calculate 3 + 2 + 1 + 14 + -2 + -4.
14
Calculate 853 + -873 - (-1 + -10).
-9
What is the value of 4 + (8 - -4) + -36?
-20
-2 + 4 - 2 - (8 + -11)
3
What is the value of -6 + (-3 - -8) + (0 + 1 - 3)?
-3
Evaluate -19 - -16 - 23 - -15.
-11
What is 7 - ((-86 - -74) + (1 - -7))?
11
-8 + 3 - -6 - 12
-11
What is the value of (-60 - -17 - -14) + 39?
10
Calculate -954 + 948 - (-28 + 1).
21
-10 - (-16 - -4) - 14
-12
(-12 - 6) + 12 + (2 - 3)
-7
Calculate -14 + 18 + 24 - 12.
16
What is the value of 114 + -119 - (1 - (3 + -6))?
-9
Evaluate 12 - ((37 - (-4 + 11)) + -5).
-13
Evaluate 24 + (-1 - 6) + (-15 + 12 - -9).
23
What is the value of 8 - (21 - -4 - 9) - 6?
-14
What is the value of -12 + 3 + (-5 - 1) + (-43 - -44)?
-14
Evaluate 0 + 16 - (61 - (53 + -25) - 28).
11
-7 - (16 + -13 + -15)
5
What is 8 + (-1 - -3) + 1 + -17 + -1?
-7
Evaluate 20 - (9 + 5) - 24.
-18
Calculate (7 + 0 - 14 - 3) + -3.
-13
-3 - -3 - (3 + 14)
-17
(7 - 1) + 21 + -3 + -17 + -17
-10
Evaluate (-2 + 8 - 1) + -2 + -15.
-12
2 - 2 - (14 + -39 + 35)
-10
What is 39 + (-1 - 10) - (-2 + 6)?
24
What is 4 - (-3 + 15 - -3)?
-11
What is 2 + -12 + (52 - (16 - -47))?
-21
Evaluate (-79 + 30 - -11) + 23.
-15
(-9 - -4) + 6 + -15 + 19
5
What is 2323 + -2323 - (-1 + 12)?
-11
Evaluate (19 - 11 - 2) + 3 + -6.
3
What is -31 + 30 + (-7 - -18)?
10
Calculate -6 + 5 + 14 - ((6 - 3) + 3).
7
0 - (9 - (-14 + 14))
-9
Evaluate -10 + (-7 + 20 - 8) + 0 + -1.
-6
What is 10 + 1 + 5 + 1 - 11?
6
Calculate -15 - (-14 + 4) - (2 + -10).
3
4 + -1 - (-23 + 34 - 15)
7
What is the value of (-438 - -439) + -28 + -2?
-29
What is -22 + 20 - (26 - 8)?
-20
What is (-20 - 37) + 41 + 13 + 0 + -2?
-5
Evaluate 15 + (-27 - -9) - (-12 + 3).
6
What is 7 + 4 + 4 + 0 - 12?
3
What is -13 + 0 + -14 - -15?
-12
What is the value of (-12 + 4 - -15) + -15?
-8
Evaluate 9 + (-7 - -24) + (1 - 10).
17
What is 21 + 0 - 4 - (0 + 18)?
-1
What is the value of 2 + 0 - (-9 - (-2 + 2))?
11
What is the value of -51 + 46 - (4 - (4 - 4 - 3)